 0 - 1. Let u be (2/5)/((-5)/50). List the prime factors of 10/((u/20)/o).
2, 5
Let c be ((-4)/(-2))/((-6)/345). Let w(h) = 12*h**2 - 11*h - 44. Let a be w(-4). Let o = c + a. List the prime factors of o.
7, 11
Let h(i) = 27*i**2 + 4*i - 3. Let d be h(1). Let n = d + -19. Suppose 4*k + 305 = n*k. List the prime factors of k.
61
Let q(h) = 680*h**2 - 380*h + 764. What are the prime factors of q(2)?
2, 3, 227
Let n be (-6)/((-12)/(-4)) + 4. Suppose -2*b = n*a - b + 80, 5*b + 127 = -3*a. Let m = a - -112. What are the prime factors of m?
73
Suppose 0 = -2*r - 5*l + 39279, 4*r - 2*l = 70187 + 8431. What are the prime factors of r?
2, 17
Let m = -115 - -110. Let d(n) = -19*n - 18. List the prime factors of d(m).
7, 11
Let v(i) = 8*i - 22. Let a(g) = g. Suppose 4*z - 2*z + 2 = 0. Let r(x) = z*v(x) + 3*a(x). List the prime factors of r(-11).
7, 11
Suppose -9*a = -21*a + 3960. Let j = 608 + a. List the prime factors of j.
2, 7, 67
Suppose -f + 176 = -3*k - 5*f, -5*f + 5 = 0. What are the prime factors of -3*2*(-20)/k*-794?
2, 397
Let v(f) be the second derivative of f**4/3 - 13*f**3/3 - 41*f**2/2 + 50*f + 1. What are the prime factors of v(14)?
379
Let g = -1443 + 11036. List the prime factors of g.
53, 181
Let c(u) = 2*u**3 - 5*u - 5. Let y(l) = l**3 + 6*l**2 - l - 1. Let d be y(-6). Let q be c(d). Let s = q + -13. What are the prime factors of s?
3, 23
Suppose -3*i + 11067 = r, r = -59*i + 61*i + 11062. What are the prime factors of r?
2, 3, 461
List the prime factors of -26*9146/(-9) + 7*(-8)/(-252).
2, 11, 1201
Let w = -7611 + 31654. What are the prime factors of w?
24043
Let j be (-13 + 53)/((-1)/(-2)). Let l = j + 12. List the prime factors of l.
2, 23
Suppose -6*b - 6*b = 2*b - 361732. What are the prime factors of b?
2, 12919
Let k(t) = t**2 - t + 8. Let b(l) = -l**3 + 13*l**2 - 24*l + 22. Let q be b(11). Let g be k(q). List the prime factors of ((-33)/2)/(g/(-48)).
3, 11
Let q(o) = o**2 - 3*o - 1. Let h be q(2). Let m be ((-15)/(-10))/h*-70. Let c = m + 189. What are the prime factors of c?
2, 7
Let y = 3494 - -3906. List the prime factors of y.
2, 5, 37
Suppose -5*r + 47 = 4*c, 41 = 2*c + 2*c + 3*r. Suppose -106*d = -117*d + 957. Let b = c + d. List the prime factors of b.
5, 19
Suppose -7*b + 15993 = -2235. Suppose 2*k + b = 9*k. What are the prime factors of k?
2, 3, 31
Let x(b) be the third derivative of 5*b**4 + b**3/2 - 13*b**2. Let z(p) = -241*p - 7. Let a(u) = -5*x(u) - 2*z(u). List the prime factors of a(-1).
3, 13
Suppose 0 = 5*w - a - 2*a + 5, 5*w = -2*a + 20. Suppose g + 1729 = w*y + y, y + 2*g = 574. List the prime factors of y.
2, 3
Suppose 5*a + 5*u - 76833 = -20268, -3*a = -2*u - 33939. What are the prime factors of a?
3, 419
Suppose -3698*p - 20440 = -3700*p. What are the prime factors of p?
2, 5, 7, 73
Let a(u) = -6*u**2 - 7*u - 13. Let r be a(-6). Let b = r - -502. What are the prime factors of b?
3, 5, 7
Suppose -48*f + 44*f = 5*q - 37890, 5*f - 47379 = 2*q. List the prime factors of f.
5, 379
Let z(h) = 32*h - 29. Suppose 3*q + 16 = 5*q. Let s be z(q). Suppose -k + s = 19. List the prime factors of k.
2, 13
Let d = -16982 - -27952. List the prime factors of d.
2, 5, 1097
Let v(r) = -2*r**2 + 21*r + 26. Let c(n) = 0*n**2 - 4*n + 14*n + 2*n**2 - 3*n**2 + 13. Let d(o) = -7*c(o) + 3*v(o). What are the prime factors of d(-13)?
13, 19
Let a be ((-506)/55)/(1*1/(-130)). Let b = a + -247. What are the prime factors of b?
13, 73
Let o(q) be the second derivative of -4*q**3/3 + 37*q**2/2 - 35*q. Let i be o(-13). Suppose 3*m - 261 = i. List the prime factors of m.
2, 67
Suppose w + 18194 = 48070. Let k = -20348 + w. List the prime factors of (-2)/(-14) + k/42.
227
Suppose 0 = 8*x - 10*x. Suppose 2*n - 683 = -3*b, 3*b + 48 = -4*n + 739. Suppose 0*v = -3*s + 3*v + b, -4*v - 12 = x. List the prime factors of s.
2, 3
Suppose -14 = -12*d + 5*d. Suppose -4*o = d*o - 2934. What are the prime factors of o?
3, 163
Let c be (-51)/21 - (-12)/28. Let t be ((-8)/(-8))/(c/(-4)). Suppose t*r - 3*f + 2*f = 56, -3*r + 84 = f. List the prime factors of r.
2, 7
Suppose -9*i + 296 = 278. Suppose 1995 = i*z - 3*t, 4*z - 2*t - 3105 = 873. What are the prime factors of z?
3, 331
Let s = -246 - -317. Let u = 197 + s. What are the prime factors of u?
2, 67
Let x = -64 + 73. Suppose 4598 - 1205 = x*h. Suppose 0 = 3*f - h - 133. What are the prime factors of f?
2, 5, 17
What are the prime factors of 482060/25 - 70/50?
3, 6427
Suppose -5*a = 14 - 39. Suppose -a*c + 5 = b, -b - c + 1 = 2*b. Suppose 5*i + 0*i - 330 = b. What are the prime factors of i?
2, 3, 11
Let v(x) = -113*x + 90*x - 22 - x**2 - 5 - 17. Let m be v(-23). List the prime factors of (-1696)/(-11) + (96/m - -2).
2, 7, 11
Let p(r) be the first derivative of 13*r**2/2 - 35*r + 1. Let q = 2934 - 2931. List the prime factors of p(q).
2
Let s = 48590 + -3652. What are the prime factors of s?
2, 22469
Let c = -288 - -288. List the prime factors of (c - 2531/(-6)) + (-120)/(-720).
2, 211
Let v(t) = 3*t**2 - 12*t - 6. Let c be v(7). Suppose 0 = c*y - 59*y + 412. What are the prime factors of y?
2, 103
Let p be 95/(-19)*2/5. List the prime factors of p/3 - (-3983)/21.
3, 7
Let w(m) = 2 - 561*m**3 + 3*m**2 - 376*m**3 + 3*m + m + 206*m**3. What are the prime factors of w(-1)?
2, 3, 61
Let w = 772 + -806. Let j(k) = -k + 5. Let z be j(4). Let b = z - w. What are the prime factors of b?
5, 7
Let j(k) be the first derivative of 50*k**3/3 + 3*k**2/2 - 18*k + 50. What are the prime factors of j(3)?
3, 7
Suppose 242*j - 215*j - 13041 = 0. What are the prime factors of j?
3, 7, 23
Suppose 4*r + 16 = 3*f - 12, 4*r = -4*f. Let z(t) be the third derivative of t**5/6 - t**4/4 - t**3 + 1584*t**2 + t. What are the prime factors of z(r)?
2, 89
Suppose -292*h = -274*h - 85008 + 20514. List the prime factors of h.
3583
Let h be -1 + -3 + 2 + (-8 - -398). Let a be (-8)/(-20) - h/20. Let c = a - -63. What are the prime factors of c?
2, 11
List the prime factors of (-696792)/78*(-520)/80.
2, 29033
Suppose -320*d + 324*d - 2028 = 0. Let n = d + -57. List the prime factors of n.
2, 3, 5
Let d = 555 + -551. Suppose -k + 2 = 0, 7*m = 3*m + d*k + 4900. List the prime factors of m.
3, 409
Let a(l) = 20*l - 36. Let d be a(12). Suppose 0*f + 5*f + d = 4*x, -3*f = -x + 58. Let h = 119 - x. What are the prime factors of h?
73
Let m(g) = -4*g**2 - 639*g + 30. What are the prime factors of m(-58)?
2, 19, 311
Suppose -93 = 14*j - 45*j. List the prime factors of (-4 - 6650/(-21)) + 1/j.
313
Let k be (-74)/407 - (-508)/11. Let b = 26 - -52. Let m = k + b. List the prime factors of m.
2, 31
Let h = -133 + 126. Let j be 3/h + (-96)/(-28). Suppose 0*o - 471 = -5*g - o, 281 = j*g - o. What are the prime factors of g?
2, 47
Let a(i) = -2*i**2 - 4*i - 7. Let m be a(-2). Let k(w) = 4*w + 27. Let s be k(m). What are the prime factors of s*(-1 - 814)/5?
163
Let f = 4195 - 1010. List the prime factors of f.
5, 7, 13
Let a = -41 - -52. Let j(b) = 2*b**3 + 3*b**3 + 6 - 4*b**3 + a*b**2 + 5 - b. What are the prime factors of j(-5)?
2, 83
Suppose -5*a = 3*w - 9660, w - 2*a + 3*a = 3224. What are the prime factors of w?
2, 5, 17, 19
Suppose 19*b - 84829 = 7093. List the prime factors of b.
2, 41, 59
Let z(y) = 66*y - 109. Let d be z(12). Suppose -3*n + 5*n - 270 = -4*r, 2*r - d = -5*n. List the prime factors of n.
137
Suppose -12*j + 2*j + 1680 = 0. Suppose -t = 7*t - j. Suppose d - 3*d + 3*b = -t, b - 78 = -5*d. List the prime factors of d.
3, 5
Let p(v) = 276*v - 159. Let w(l) = 1101*l - 636. Let z(j) = 9*p(j) - 2*w(j). List the prime factors of z(5).
3, 139
Suppose 263*s - 226*s - 532171 = 0. What are the prime factors of s?
19, 757
Let b = 3463 - 3457. What are the prime factors of b?
2, 3
Suppose 0 = 19*w - 15*w + 12. Let t be 4 + w + (-2 - 25). List the prime factors of t/26*31*-2.
2, 31
Let h = 11107 - -2104. What are the prime factors of h?
11, 1201
Suppose 7*q - 2*q - 6 = -y, -4*y = q + 14. What are the prime factors of (-396)/(-8) + 5/(-2) + q?
7
Suppose 31*v = 89032 + 98952. What are the prime factors of v?
2, 379
Let s = -8316 - -14074. What are the prime factors of s?
2, 2879
List the prime factors of ((-67912)/10)/(1058/(-7935)).
2, 3, 13, 653
Let s = 47180 + -35183. List the prime factors of s.
3, 31, 43
Let y = -637 + 642. Let z = 12 +